actors of f.
2, 3
Suppose 7*p = 4*p + 150. Suppose -z + 8 = 3*z. Suppose z*l + 3*l - p = 0. What are the prime factors of l?
2, 5
Let t = 33 + 7. Suppose 4*c + t = 152. Suppose -3*h = h - c. List the prime factors of h.
7
Let o(d) = -d**3 + 9*d**2 + 2*d - 11. Let y(q) = q + 2. Let r be y(7). List the prime factors of o(r).
7
Let k(b) = 17*b - 43. List the prime factors of k(21).
2, 157
Let h(a) = -a**2 - 1. Let g(p) = p**3 + 3*p**2 + 6*p - 7. Let w(x) = g(x) - 5*h(x). Let q be 2*(2 + (-11)/2). List the prime factors of w(q).
5
Let h = 13 - 1. Suppose -x = -h - 19. List the prime factors of x.
31
Let z(y) = -3*y + 5. List the prime factors of z(-7).
2, 13
Suppose 0 = -2*x - 17 + 3. Let y = x - -11. Suppose -2*v + 4 = 2*l - y*v, -4*v = 2*l - 16. What are the prime factors of l?
2
Let s(c) = 2*c**3 - 6*c**2 + 6*c - 2. What are the prime factors of s(4)?
2, 3
Suppose -4*z = t + 15, 3*t - 1 = -5*z - 11. Suppose 2*p - 5*p - t*c + 7 = 0, -5 = -p - c. List the prime factors of p.
3
Suppose 5*a - 2*m - 245 = 0, 3*a - 126 = -2*m - m. List the prime factors of a.
47
Suppose -4*q + 5 = g, 0 = -4*g + 4*q + 72 - 12. List the prime factors of g.
13
Suppose 0 = 4*t + t + 25. Let s = t + 8. List the prime factors of s.
3
Let j = 15 + -21. Let b be 63/5 - 6/(-15). Let s = b + j. What are the prime factors of s?
7
Let y(d) = 2*d - 5*d**2 + 3*d**2 - 2 + 5 - 2*d**3. Let c(o) = o - 7. Let n be c(5). List the prime factors of y(n).
7
Let u be 1*(-2)/4*-12. Let j(d) = d**2 - 5*d - 4. Let q be j(u). Suppose q*n = -5*a + 3*n + 23, 0 = -5*a + 5*n + 15. What are the prime factors of a?
5
Suppose -51 = q - 2*q. Suppose 0*t = -4*k - 2*t + 42, q = 4*k - t. What are the prime factors of k?
2, 3
Let q(k) = -3*k + 9. Let m(t) = 3*t - 8. Let s(y) = 6*m(y) + 5*q(y). Let c be s(4). What are the prime factors of 4/18 + 106/c?
2, 3
Suppose -6*a = -3*a + 54. What are the prime factors of -3 - (a/1)/2?
2, 3
Suppose -7*l + 4 = -3*l. Let s be (1/(-3))/(l/(-9)). Suppose -d - s*d + 68 = 0. What are the prime factors of d?
17
Let x(h) = -4*h**2 + 5*h**2 + 0*h**2 + 3 - 2*h. What are the prime factors of x(5)?
2, 3
Let c(y) be the first derivative of -3*y**2/2 - 7*y - 6. What are the prime factors of c(-7)?
2, 7
Let j be 3/((-3)/(-10)) + 3. Suppose 2*p + 3*i - 26 = j, p - 39 = 5*i. What are the prime factors of (-2)/(-12) + 524/p?
2, 11
Let n(c) = -c**2 - 5*c - 2. Let r be n(-5). Let h = r - -12. List the prime factors of h.
2, 5
List the prime factors of ((-1760)/15)/((-4)/12).
2, 11
Let b be 1/(1/(-1 + 0)). What are the prime factors of (41/1)/(2 + b)?
41
Let i(p) = p**3 + 22*p**2 + 21*p + 39. What are the prime factors of i(-21)?
3, 13
Suppose -4*q - 32 = -232. What are the prime factors of q?
2, 5
Suppose -281 = -4*u - 73. List the prime factors of u.
2, 13
Suppose -2*f - g = 2*g - 56, -4*f = 2*g - 112. List the prime factors of f.
2, 7
Let p be (12/14)/(4/(-28)). What are the prime factors of (-78)/(-9) + (-2)/p?
3
Let z = 19 + -15. List the prime factors of z.
2
Let h = 26 + -17. Let x = h - -2. List the prime factors of x.
11
Let d(o) = 3*o**2 + 4*o + 1. What are the prime factors of d(-3)?
2
Suppose 4*j - 3*z + 4*z = 22, 5*j - 4*z = 17. Suppose c + j = 0, h - 3*c = 1 + 31. List the prime factors of h.
17
Let o = -172 + 254. Suppose -5*m + 2*x = -50 - o, m = -x + 32. What are the prime factors of m?
2, 7
Suppose v - 22 = -0*v. Suppose 5*t - q = 55, -t - 4*q + v = -2*q. List the prime factors of t.
2, 3
Suppose -3*u - 4*w = 82, 4*u + 38 = 3*w - 38. Let h be u/18 + 10/45. List the prime factors of 21*(1 - 2)*h.
3, 7
Suppose -11*o = -14*o. List the prime factors of 38 + (4/(-2) - o).
2, 3
Let f be (-1)/(-6)*3*4. Suppose 4*l - 1 = b, 3*b = -f*l + 3 + 8. List the prime factors of b.
3
Let q = -11 + 11. Suppose -4*s - s + 20 = q. List the prime factors of s.
2
Let r be (-46)/10 + 21/35. Let c = r + 7. List the prime factors of c.
3
Suppose 0 = 2*g + 2*g - 216. List the prime factors of (-4)/(-18) + 474/g.
3
Let k = 0 - -3. Suppose -z + 1 = -2*a - 7, 0 = -5*z + k*a + 26. Suppose -18 = -z*g + 30. List the prime factors of g.
2, 3
Let v = 180 + -23. What are the prime factors of v?
157
Suppose 3*n - 98 = n. List the prime factors of n.
7
Let g(x) = -x**3 + 3*x**2 - x + 1. Let j be g(2). What are the prime factors of (20/6 - j)*177?
59
Let i = 1 + 1. Suppose 32 = i*l - l. What are the prime factors of l?
2
Let z be -2 + 9/3 - 1. Let w = z - 3. Let k = w + 5. What are the prime factors of k?
2
What are the prime factors of (-3)/(-12) + 7/((-84)/(-285))?
2, 3
Let p(l) = -l**2 - 19*l + 2. What are the prime factors of p(-14)?
2, 3
Let u be (-2)/4 + (-7)/(-2). Suppose 2 = u*z - 10. Suppose -5*h = -5*s + 30, 3*s - 22 = -2*h - z. What are the prime factors of s?
2, 3
Let c = 11 - 41. Let q = -8 - c. What are the prime factors of q/8 + (-3)/4?
2
Suppose -2*o = -5*f + 309, o + 85 - 277 = -3*f. List the prime factors of f.
3, 7
Let w be 6*1*7 - -2. Let p = w + -24. Let n = p - 12. What are the prime factors of n?
2
Let r be (-4)/10 - (-34)/10. Suppose -55 = -5*h - 5*n, -r = -4*n + 1. What are the prime factors of h?
2, 5
Suppose -2*n + 5*j + 18 = -20, -68 = -5*n - j. List the prime factors of n.
2, 7
Let b be ((-3)/(-1))/((-12)/16). Let h = b - -6. Suppose -4*w + 3*t = -16, -t + 10 = 2*w - h*t. What are the prime factors of w?
7
What are the prime factors of 11*(6/2 + -2)?
11
Let x(j) be the third derivative of j**4/4 - j**3/6 + j**2. Let z(h) = 13*h - 2. Let y(i) = -7*x(i) + 3*z(i). What are the prime factors of y(-3)?
2, 5
Suppose -2*h + c = 3 - 4, 13 = h + 2*c. Suppose 0 = h*q - 3 - 3. Suppose -5 - 40 = -5*d + 5*a, -5*d + 17 = q*a. What are the prime factors of d?
5
Let h be 2/(0 - 2/8). Let q = -9 - h. Let l = 13 + q. What are the prime factors of l?
2, 3
What are the prime factors of (0 + -7)/(3 - 102/33)?
7, 11
Suppose 0 = 5*l - 5. Let z(y) = 12*y**2 - y + 2. List the prime factors of z(l).
13
Suppose 3*u = -2*f - u + 30, -125 = -4*f + 5*u. List the prime factors of f.
5
Let x = 7 + -4. Let q be (-408)/(-10) - (-3)/15. Suppose 45 = 5*d + 5*b, 0 = 7*d - x*d + 3*b - q. What are the prime factors of d?
2, 7
Suppose 3*s - 22 = -2*s - b, 5*s - 5*b = 10. Suppose i = s*i - 27. What are the prime factors of (-4)/((-12)/i) + 0?
3
Suppose 2*s - 4*j = 38, -2*s + j = -2*j - 38. Let l = s - 17. List the prime factors of l.
2
Let b = 185 - 90. What are the prime factors of b?
5, 19
Let v = 0 + 0. Suppose -5*c + 20 = 5*w, -4*w + 11 = -v*c + 3*c. Let f = c - -4. List the prime factors of f.
3
Let c = 23 + -4. Let r = c + 4. What are the prime factors of r?
23
Suppose 4*o = -5*o + 3303. List the prime factors of o.
367
Suppose -4 = 3*n - i - 3*i, 3*i - 8 = n. What are the prime factors of n?
2
Suppose 4*f - 120 = -5*h, -6*h = -2*h. List the prime factors of f.
2, 3, 5
Let b = 44 - 26. List the prime factors of b.
2, 3
Let k = -45 - -96. List the prime factors of k.
3, 17
Suppose 6519 = 6*j + 1875. List the prime factors of j/22 - 6/33.
5, 7
Let j be (-4)/(-2)*10/4. Suppose 0*v - j*v = -60. List the prime factors of v.
2, 3
Suppose -4 = -2*k + 2. Let d(g) = g + 7. Let l be d(-4). What are the prime factors of l/(-3) + k - -4?
2, 3
Let i be (1 + 0)/((-2)/(-14)). Let u = i - 4. Let o = 7 - u. List the prime factors of o.
2
Let h(p) = -p + 4. Let n be h(6). Let b be (0/(-2) - 6)*n. Suppose k = q + b, 0 = -k + 5*q + 5 + 7. List the prime factors of k.
2, 3
Let a be (-30)/135 + (-65)/(-9). Suppose 6*h = 107 + a. What are the prime factors of h?
19
Suppose 4*m + 13*m - 2618 = 0. List the prime factors of m.
2, 7, 11
Let g(h) = 26*h**2 - 3*h. Let u be g(2). Suppose 5*b = p - 32, 0*p = -4*p + 5*b + u. List the prime factors of p.
2, 11
Let u(p) = 0*p**2 + 5*p - 4*p**2 + 0*p**2 - 2*p**3 + p**2 + 3. What are the prime factors of u(-3)?
3, 5
Let f = 145 - 81. List the prime factors of f.
2
Let p be (1/3)/((-2)/(-24)). What are the prime factors of 2/p*14 + 1?
2
Let n be 658/10 - 2/(-10). List the prime factors of n/(-4)*8/(-12).
11
Let c(h) = 2*h**2 - 4 - 9*h - 2 - 3*h**2 + 0*h**2. Let r be c(-8). Suppose -25 = -r*s - 3*g - 4, -3*s + 51 = -2*g. What are the prime factors of s?
3, 5
Let h(z) be the third derivative of -z**6/720 + z**5/40 - z**4/8 + 2*z**2. Let q(f) be the second derivative of h(f). List the prime factors